/((-64)/6 + 10). Let m = k + 399. What are the prime factors of m?
2, 3, 7
Suppose -4*u + 2*i = -9*u - 37, 3*i - 12 = 0. What are the prime factors of (u/(-3))/(-3) + (7 - -3)?
3
Let q = 915 - 782. Let i(u) = 5*u + 3. Let k be i(3). Let a = q - k. What are the prime factors of a?
5, 23
Let v(o) be the third derivative of o**6/120 - 115*o**3/6 + 7*o**2. Let x be v(0). What are the prime factors of 0 + -2 + (3 - x) + 1?
3, 13
List the prime factors of ((-85)/(170/27088))/(4/(-10)).
2, 5, 1693
Let y be (-41)/(533/(-78)) - (1 + -1). Suppose -m + y*m = -25, 8525 = 5*q + 3*m. What are the prime factors of q?
2, 7, 61
Let c = -6 - -7. Let j be (9/(-3) + 2)*c*-3. What are the prime factors of (-2 + 124/j + 0)*3?
2, 59
List the prime factors of 1260574/114 - 2/(-6).
2, 3, 19, 97
Let d(u) = u - 3. Let n be d(6). Suppose n*o - 10 = 2. What are the prime factors of (-6)/o*322/(-21)?
23
Suppose 432 = 6*r - 10962. What are the prime factors of r?
3, 211
Let i = -5 - -228. Let r = -110 + i. Let z = r - -79. What are the prime factors of z?
2, 3
Suppose -2*p + 14*j = 15*j - 7915, 3961 = p - 3*j. List the prime factors of p.
2, 1979
Suppose 5*z - 5 = -0*p - 5*p, 2*z + 3 = -p. Suppose 407 = -p*n + 3242. List the prime factors of n.
3, 7
Suppose 13*u - 136 = 46. Let i = 78 + u. List the prime factors of i.
2, 23
Let l(f) be the second derivative of -5*f**4/12 - 7*f**3/3 - 3*f**2/2 + 16*f. Let u(k) = -k + 1. Let s(b) = -l(b) + 6*u(b). What are the prime factors of s(-4)?
3, 19
Let o be 1/((-382)/(-875) + 6/(-14)). Suppose 3*n = 2*a + 371, -4*n + o = -3*n - 2*a. What are the prime factors of n?
3, 41
Suppose 10625 = -222*g + 239*g. What are the prime factors of g?
5
Suppose -3*q + 15 = 0, 4*q = -5*g - 0*g + 100. Suppose 833 = -g*k + 19713. What are the prime factors of k?
2, 5, 59
Suppose -17*g - 255 + 34 = 0. Let n(b) = -51*b + 108. List the prime factors of n(g).
3, 257
Suppose 0 = -4*w - w. Suppose w = -0*a + 9*a - 18. What are the prime factors of -86*(-54)/24 - a/4?
193
Suppose o - 15 = 14. Let n = 32 - o. Suppose 4*u - 180 = n*u. List the prime factors of u.
2, 3, 5
Let s be -3 - -444 - 8/(-2). Suppose 5*i = 3*f - s, -690 = -7*f + 2*f - 2*i. Suppose -19*n + f = -15*n. What are the prime factors of n?
5, 7
Let d(r) = 96*r - 113*r + 0 + 2. Let a be d(-5). Let x = -26 + a. What are the prime factors of x?
61
Let z = 9147 - -3714. List the prime factors of z.
3, 1429
Let j(k) = -k**2 - 2*k + 3. Let g be j(1). Let q be -1 - -3 - (g - -1). List the prime factors of (q - 0)/(0 + 2/16).
2
Let z(y) = -54*y - 20. Let d(w) = 2*w**2 - 25*w + 26. Let b be d(11). List the prime factors of z(b).
2, 179
Let r(i) = 7*i - 30. Let o be 2*129/54 - (-2)/9. Let q be r(o). Suppose -q*l = -956 + 76. List the prime factors of l.
2, 11
Suppose -53*u + 58*u - c - 91681 = 0, 3*u = -c + 54999. List the prime factors of u.
5, 19, 193
Let v(l) = 3*l**3 - l**2 + 5*l + 2. Let y be v(6). Suppose -19 = -3*j - 4*i + 30, -j = 2*i - 19. Suppose -15*b = -j*b - y. List the prime factors of b.
7, 23
Suppose 0 = -2*u + 4*n + 1616, 0 = -7*u + 2*u + n + 4031. List the prime factors of u.
2, 13, 31
Let b(c) = 1939*c - 1955*c + 2*c**2 - 5 - 17. What are the prime factors of b(-5)?
2, 3
Let t = -266 - -467. Suppose 0 = -4*r + 164 + 380. Let d = t - r. List the prime factors of d.
5, 13
Let i be (-98)/343 - (-12070)/7. Let h = i + -1191. What are the prime factors of h?
13, 41
Let u be 2/(-3) - (2 + (-1883)/21). Let w = u + -78. Suppose 7*m + w*m - 768 = 0. List the prime factors of m.
2, 3
Let v = -16269 - -30883. What are the prime factors of v?
2, 7307
Let n = 8970 + -6277. What are the prime factors of n?
2693
Let y be 0/5 + 252/(-6). Let r = 34 - 107. Let q = y - r. List the prime factors of q.
31
What are the prime factors of 3028128/240 - (-9)/(-45)?
11, 31, 37
Let j be -2*(-1)/(-2)*-2927. Suppose -u - 4*g = -886, g = 3*u + 295 - j. What are the prime factors of u?
2, 439
Suppose 2*x = 2 - 12. Let j(q) = 677 - 42*q + 673 - 1351. List the prime factors of j(x).
11, 19
Let s(r) = 8*r**2 - 3*r**2 + 1 - 2*r**3 + r**2 + 39*r - 45*r. Let c be s(3). Let x = 66 - c. What are the prime factors of x?
83
Suppose 37*f = 32*f - 455. Let r = -85 - f. Suppose r*d - 294 = 126. List the prime factors of d.
2, 5, 7
Let j be (-2)/(1*(-1 - 0)). Suppose j*p - 40 = 20. Suppose -l + 136 = p. What are the prime factors of l?
2, 53
Let b = 731 - 1163. Let m = 747 + b. What are the prime factors of m?
3, 5, 7
Let z(k) = 6*k**2 + 9*k - 3. Let b be z(-2). Suppose 0 = -18*p + b*p + 735. List the prime factors of p.
7
Let d(i) = -12*i - 10. Let w be d(-2). Suppose s - 2*p = 9, 2*s - 5*p + 2*p - w = 0. What are the prime factors of 194*s - (-64)/(-16)?
2, 5, 19
Let i be 0/(((-48)/27 - -2)*9). Suppose -3*c + i*c + 912 = 0. What are the prime factors of c?
2, 19
Let q be 6 + 10521/33 - (-6)/33. Let d = -197 + q. List the prime factors of d.
2
Suppose 29*l - 30*l + 1396 = 0. Suppose -3*s + l = -s + 4*j, -j = -3*s + 2129. What are the prime factors of s?
2, 3, 59
Let y(s) = -3*s**3 + 128*s**2 - 42*s + 16. What are the prime factors of y(42)?
2, 5, 89
Suppose 45*h + 97980 - 368835 = 0. What are the prime factors of h?
13, 463
Suppose 0 = -g - 5*g. Suppose g = 57*x - 62*x + 30. Suppose 213 = x*k - 267. What are the prime factors of k?
2, 5
Let t = 6080 - -2882. List the prime factors of t.
2, 4481
Let x be (0 - 5)/((-5)/10). List the prime factors of (-1)/x - -10141*(-1)/(-10).
2, 3, 13
Let x = 14014 + -4439. What are the prime factors of x?
5, 383
Let g(y) = y**2 - 14*y + 46. Let c be g(10). Suppose 3*l + 2606 = c*l + a, -l + a + 862 = 0. What are the prime factors of l?
3, 17
Suppose 17*d - 341325 = -24*d. List the prime factors of d.
3, 5, 37
Let o be (-3*(-24)/54)/((-4)/(-2334)). Let h = o + 797. What are the prime factors of h?
3, 5, 7
Suppose -17088 = 169*t - 175*t. What are the prime factors of t?
2, 89
Suppose -l + 6 = 2*r - 3, 0 = -3*r + 9. Let i(p) = 39*p**2 + p - 6. Let d be i(l). Suppose -29*c - d = -33*c. List the prime factors of c.
3, 29
Let n(b) be the third derivative of -1/6*b**3 - 1/24*b**4 + 0 + 1/20*b**5 - 40*b**2 + 0*b. List the prime factors of n(2).
3
Let j = 235 + -280. What are the prime factors of ((-56)/63)/(10/j)?
2
Suppose 2*r = 4*b - 493 - 927, 5*r + 10 = 0. Suppose -9*u + b = -3*u. Suppose -j + 39 = -u. List the prime factors of j.
2, 7
Let u be (-2)/(-10) - 109/(-5). Let n = u - 34. What are the prime factors of (-489)/n - (-21)/(-28)?
2, 5
Suppose q + 60 = -2*q. Let l be (462/(-4))/(-3) - q/(-40). Suppose -u + l + 49 = 0. List the prime factors of u.
3, 29
Let y(c) = 164 - 121 - c + 123 + 105. Let l be y(0). What are the prime factors of (2 + l)*(-7)/(-21)?
7, 13
Suppose -5*v + 192 = -13. Suppose 4*p = 9*p - 225. Let n = p + v. What are the prime factors of n?
2, 43
Let v(k) = -2*k**3 + 13*k**2 + 2*k + 21. Let i be v(9). Let d = 604 + i. List the prime factors of d.
2, 7, 17
Suppose -21*u = 5*u. Suppose -1161 = -i - u*n - 5*n, -2*i + 3*n + 2296 = 0. List the prime factors of i.
1151
Suppose 0 = 15*v - 3596 - 125014. What are the prime factors of v?
2, 3, 1429
Let l(v) = -2*v**3 - 6*v**2 - 8*v + 5. Let b be l(-6). Suppose 78 = 13*o + 26*o. Suppose 0 = -2*q - s + 239, o*q - 7*s - b = -2*s. List the prime factors of q.
2, 61
Let n be 1/(-6) - 124/(-24). Let i = 23 - 13. Suppose 3*z - 216 = 4*p, -n - i = -5*p. List the prime factors of z.
2, 19
Let x(d) = 23142*d**2 - 4*d. List the prime factors of x(1).
2, 23, 503
Suppose 0 = -5*w + q + 1544 + 50286, -3*w - 3*q + 31116 = 0. What are the prime factors of w?
7, 1481
Let t(v) = 8*v**2 + 141*v - 121. List the prime factors of t(-59).
2, 1213
Let g = -523 - -2330. What are the prime factors of g?
13, 139
Let c(v) = -504*v**3 + v**2 + 10*v. What are the prime factors of c(-4)?
2, 3, 17, 79
Let a(u) = -13*u - 29. Let z be a(-6). Let t = z - 48. List the prime factors of 3/t - (-285)/3.
2, 7
Let g(p) = 0 - 17*p**2 + p**3 + 0 + 16*p**2 - 8*p**2 - 7 - 60*p. List the prime factors of g(18).
31, 59
Suppose 113388 = 83*q - 505469 - 621827. What are the prime factors of q?
2, 37, 101
Let w = 7625 + -701. List the prime factors of w.
2, 3, 577
Let i(n) = 2*n**3 - n**2 - n. Let h be i(-3). Let m(r) = 109*r + 25. Let w be m(-1). Let q = h - w. List the prime factors